+ (-46 - -9).
-9
1 + (5 - 5 - 7) + 11
5
-13 + (16 + -27 - -8)
-16
Evaluate 4 - 13 - (-8 + 17) - -8.
-10
What is the value of -6 - -55 - 25 - (1 - 4)?
27
What is the value of 0 + 1 - (21 + -17 - 5)?
2
Evaluate (9 + -12 - 3 - -16) + -9.
1
What is the value of 11 + (10 - 5 - 7) + -10?
-1
(-7 - 17) + 11 - -16
3
Calculate 14 - (-5 + 1) - (-17 - (-19 - -1)).
17
What is the value of (1 + -1 - -3) + (10 - (-4 + 8))?
9
What is the value of 2 - 12 - -9 - (7 + -4 + -2)?
-2
Evaluate 12 - -6 - (-4 + 16 + -3).
9
What is the value of -35 + 88 + -25 + -25?
3
1 + (8 - (7 - 8))
10
Calculate (18 - (21 - 36)) + -51.
-18
Calculate 3 + -32 - (52 - 67).
-14
What is the value of 39 + -39 - (-2 + 7) - (2 + -11)?
4
-7 - (-2 + (9 - (0 + 2)))
-12
(-181 - -178) + 0 + -20
-23
What is the value of -1 - 0 - -7 - (46 + -43 - 8)?
11
Calculate -1 - ((-11 - (5 + -8) - 0) + 16).
-9
Calculate 12 + (2 - -4) - (-8 - -17).
9
What is the value of 30 + (24 - 33 - 24)?
-3
Evaluate 17 - ((17 + -35 - -13) + 34).
-12
What is the value of 26 - (5 + -36 - -40)?
17
What is the value of -20 - (-20 + 2 + 7)?
-9
0 + -5 - (-24 + 14)
5
Calculate -11 + (14 - 22 - (-3 + -19)).
3
Calculate (-3 + 9 - 8) + 1 + 11 + 17.
27
What is the value of 20 + (-2 - 3) - -9?
24
Calculate 19 - (-9 - -15) - 12.
1
Calculate 13 - (-11 + -4 + 21 + 5).
2
6 + (-33 + 5 - -8 - -6)
-8
What is (7 - -3) + -23 + 12 + -1 + -6?
-8
What is the value of -1 - -5 - (183 - 174)?
-5
Calculate -10 - (-37 + 17 + -35 + 17).
28
Calculate -27 + (5 - -30) - 8.
0
What is (-4 + 4 - -14) + -8 + -27 - -1?
-20
Calculate -1 + (-99 - -91 - (0 + -8)).
-1
-42 - (1 + -45 + -13)
15
Evaluate (-8 - (-10 - -5)) + -3 - (3 + 2).
-11
What is the value of 16 + -9 + -2 + (-5 - 6)?
-6
What is the value of 1 - -8 - ((-2 - -2) + -8 + 10)?
7
Evaluate 83 - 93 - (1 - (-6 - 0)).
-17
Calculate (40 - 35) + -10 - (-22 - -1).
16
What is the value of -23 + -14 + 5 - -4?
-28
Calculate -3 + -8 + 5 - (1 + -2 - 3).
-2
What is 9 - -4 - (12 + 6 - 5)?
0
Evaluate (-15 - (-2 + -5)) + -9 - -3 - 4.
-18
What is -7 + (9 - (-8 - (-11 + 12)))?
11
(-16 - -7) + (-2 - (-7 - -20))
-24
(-44 - -28) + (27 - 0)
11
What is the value of 1 + (5 - 3) + 2 - (29 - 7)?
-17
Evaluate -3 + (-5 - (8 + -12 + 3)).
-7
-4 + (-2 - 9 - -1) + 10 + -32
-36
18 - (0 + (13 - -1))
4
Calculate 32 + (-6 - -4 - 15).
15
What is the value of -8 - (-38 + 5 - (-13 + 6 + 0))?
18
What is the value of (-8 + 3 - 9 - (-7 - 1)) + 24?
18
What is the value of -6 + 11 + -5 + 8 + (17 - 50)?
-25
What is 11 + -17 + (-8 - -1) + 6 - 13?
-20
What is 12 + -2 + 16 + -24 + 10?
12
What is 25 - 49 - (-26 + 9)?
-7
What is the value of 770 + -788 - (0 + -26)?
8
What is the value of 113 - 103 - ((-4 - 1) + 2)?
13
(3 - (3 + -5)) + 7 + (8 - 6)
14
Evaluate 1 - (-3 + -2) - (-30 - -46).
-10
6 - (1 + 21 + -9)
-7
-4 + 2 + (5 + 18 + -9 - -7)
19
What is -370 + 398 - (4 + -3 + 0)?
27
Evaluate -18 + (12 - 12) + 14.
-4
What is (8 - 15) + (0 - 6 - -5)?
-8
What is -2 - (-9 - -5) - (22 + -18)?
-2
4 + ((7 - 12) + 15 - 7) + -5
2
What is -2 + -3 - 1 - (-43 - (-70 + 34))?
1
208 - 221 - (4 + -34 - 2)
19
Evaluate (5 - 10) + 4 + -6 + -1 + 3.
-5
What is the value of -8 - -2 - (2 + (-18 - -17 - 7))?
0
What is the value of (-2 + 2 - (5 + 2)) + (-37 - -14)?
-30
What is the value of -74 + 57 + (53 - 3)?
33
Evaluate -22 + 30 + -9 + 4.
3
Evaluate -98 + 115 + -12 + 1.
6
What is (2 - 6) + 22 + 6 + -10?
14
Calculate -31 + (8 - -15) + -1 + 10 - 10.
-9
12 - (10 + -7 - -9)
0
Calculate (-19 - -4) + 2 + 6 + (-2 - 4).
-13
Calculate 1 - ((14 - 11) + -5) - 3.
0
(-5 + 7 + -7 - (-8 + 0)) + 9
12
Calculate 10 - (1 - -30 - 19).
-2
Calculate (-34 - -1) + (-10 - -30 - 7).
-20
-8 + 1 + -16 + 17 - (4 + -5)
-5
What is the value of 7 + (89 + -81 - (1 - -1))?
13
What is 13 + -1 + (5 - -23) + -57?
-17
Calculate 10 - ((7 - 20) + 34 + -8).
-3
What is -4 + 2 - (-16 + 4 + 25)?
-15
(0 - -9) + (-16 - (-17 + 2)) + 1
9
What is (-2 - -11) + (24 - ((-6 - -5) + 8))?
26
What is the value of 1 - 2 - (37 + -47)?
9
Evaluate -13 - -5 - (59 + -50).
-17
7 + 3 + -6 + (0 - (-33 - -8))
29
1 - (-8 + 19 - -1)
-11
-9 - (-29 + (3 - 11 - -7) + 4)
17
Calculate -11 + -2 + 21 + -33.
-25
Evaluate -2 - ((3 - 1 - -2) + -209 + 207).
-4
Evaluate 5 + -2 - ((-13 - 8) + 28).
-4
What is 16 + 2 + (4 - 14) + -14?
-6
What is 6 - ((4 + (1 - 4) - 3) + -1)?
9
What is -8 - (16 - 15) - -17 - (-3 - 8)?
19
Calculate (-2 - (6 - (-9 + 14))) + -5.
-8
Evaluate -551 + 559 - (2 - -32).
-26
What is the value of (5 - 2) + -2 + 18 + 3 + -6?
16
Calculate -55 - -62 - (-1 + 17).
-9
Evaluate -6 + 39 - (56 + -44).
21
What is 1 + (9 - -2) - (5 + -3 + 0)?
10
Calculate 2 + -8 + (6 - -4 - 5) + 8.
7
What is the value of 115 + -120 + (-1 - 0)?
-6
Evaluate (-508 - -525) + (-1 - 27).
-11
What is the value of (-13 - (-1 + 2)) + 536 + -530?
-8
Calculate -25 - -29 - 7 - -28.
25
Calculate (6 - 1 - 3) + (-12 - 1) + -6.
-17
Calculate -53 + (33 - 10 - -12).
-18
Evaluate (8 + -33 - 29) + 37.
-17
7 + -2 + -7 + 6 + -4 - 14
-14
What is (3 - 18 - -8 - -2) + 18 - -4?
17
What is -13 - ((1 - (1 - -3)) + -6)?
-4
Calculate 19 + (2 - 34) - -9.
-4
Calculate -11 - (14 + -9) - -18.
2
What is 35 - 50 - (-12 + -1) - -9?
7
Calculate -236 + 234 + (7 - (2 - (2 + -1))).
4
What is -3 - (2 + -7 + 14 + -22)?
10
-2 + (1 - 0) - 0 - (7 + 1)
-9
Evaluate (2 - -7 - 20 - -30) + 3 - -6.
28
What is the value of (96 - 98) + (0 - (-3 + 6))?
-5
Calculate (2 - -2) + (81 - 78).
7
Evaluate -24 - -16 - (-2 + -11).
5
Calculate -326 - -302 - (-1 + -11).
-12
(-12 - -6) + 10 + 4
8
Calculate 28 - (69 + 13 - 21).
-33
Evaluate -12 + (6 - -4) + 15.
13
Calculate 9 + 0 + -23 + (19 - 4).
1
What is 137 + -131 + (-25 - ((1 - 2) + 2))?
-20
What is the value of 2 + -1 + 1 + (189 - 188)?
3
What is the value of -4 + 26 + (-12 - (-25 - -18))?
17
Evaluate -34 + (51 - 12) - (0 - -23).
-18
What is the value of 6 - (-10 + 6 - ((-6 - 16) + 2))?
-10
Calculate (-236 - -209) + 25 + -7.
-9
Calculate -1 - ((8 - 3 - 15) + 10).
-1
Evaluate -14 + (-19 - -10) + 19.
-4
What is the value of 6 + 4 + (-9 - -13)?
14
What is the value of 9 - 15 - (-10 + 0)?
4
What is the value of 7 - (5 - (7 - (5 - (6 + -1))))?
9
Calculate -1 + -3 - (-18 + (-6 - (-9 - 7))).
4
Evaluate -23 - (0 - (-9 - (-6 + -11))).
-15
(9 + -13 - (-5 + 1)) + (-86 - -89)
3
What is -1 + -2 - (6 - (10 + -1))?
0
-19 - 1 - (-21 + 10 + 5)
-14
(-8 - (-1 + 1)) + (24 - 16 - 4)
-4
(18 - -7) + 17 - 22
20
Calculate 262 - 264 - (-17 - (2 - 3 - 2)).
12
Evaluate 38 + 2 + (9 - (1 + 22 - 4)).
30
What is 27 - (47 + (19 - 34))?
-5
What is 8 + (-24 - -24) + -1 + -8?
-1
What is the value of 17 - ((9 - -23) + -31)?
16
-4 + (2 - (9 - -1))
-12
What is 215 - 217 - (-1 + 1) - (-3 - 17)?
18
Evaluate -6 + (9 + 10 - 46) + (-4 - -1).
-36
What is the value of 14 - (-14 + 8) - (-8 - -8 - -5)?
15
0 + -1 - (-30 + (8 - 17) + 17)
21
-3 + -11 + -13 + 21
-6
What is -12 + (14 + -18 - -6) + -6?
-16
Calculate -39 + 38 - (-1 + (34 - -1) + -3).
-32
(-11 - -3) + 1 - (-1 - (-5 + 22))
11
What is (532 - 493) + (1 - 23)?
17
Evaluate -1 + 5 + 0 - (-13 + 20).
-3
Calculate -18 - (18 + -13) - -3.
-20
Evaluate -6 + 14 + -3 + 5 - 3.
7
Evaluate 4 - (-6 + -20 - -21).
9
What is the value of (-19 + 5 - (10 - 21)) + 27?
24
Evaluate 16 - (-44 + 55 - (4 + 1 + 2)).
12
Calculate (5 - (1 - -4 - 5)) + 7.
12
Calculate 27 + (300 + -288 - (4 + 1)).
34
Calculate -9 - -5 - (-7 - (8 + -40)).
-29
(-6 - (1 + 0) - 0) + 3 - -10
6
Evaluate -28 + (-2 - (-17 + -4)).
-9
Calculate -4 - ((-18 - -22) + 12).
-20
What is the value of 9 + (-38 - (-24 + 13))?
-18
Evaluate 14 - 6 - (47 + -56).
17
Calculate (7 - (31 + -9)) + 0 + -2 + 5.
-12
Evaluate 6 + -6 + 2 + 2 + 2 - -2.
8
Calculate 33 - (-31 - -104 - 32).
-8
Calculate (-3 - (-3 + 9) - -2) + 3 - -16.
12
Evaluate -1 + -2 - ((-2 - -10) + 12 + -13).
-10
What is (2 - -2) + (-6 - (-2 - -1 - 6))?
5
What is the value of 22 - (-21 + (50 - 15))?
8
What is the value of -12 - (0 + -1 + 0 + -4)?
-7
Evaluate (-5 - 1) + 15 + -16 + -1 + 0.
-8
Calculate -1 + (-15 - -10) + -9 + (5 - 1).
-11
Evaluate (-1 - (8 + 6 + -4)) + -5 + 30.
14
What is the value of (-9 - (5 + 3) - -18) + 7?
8
What is the value of (0 - -4) + 4 - (-15 - -10)?
13
Calculate 46 + -32 + -51 - -23.
-14
Calculate (-4 - (-21 + 7)) + -9 + 19.
20
Evaluate -28 + (42 - (-18 + 30)).
2
Calculate -1 + -11 + 144 + -128.
4
What is the value of (9 - -20) + -6 + -10 - 4?
9
Ev